 - 15. Let b = f + -15. Let p(h) = -h + 1. Let s(t) = b*u(t) - 24*p(t). Calculate s(4).
-9
Let z(a) = -3*a**2 + 2 - 3*a**2 + 10*a**2 - 5*a**2. Let t(l) = -l**2 - 4*l - 1. Let q(c) = c**2 - 7*c - 11. Let m be q(8). Let p be t(m). Give z(p).
-2
Let t(v) be the second derivative of -7/2*v**2 + 0 - 14*v + 1/6*v**3. Determine t(-5).
-12
Let f(l) = 3*l - 51*l**2 - 3*l + 44*l**2. What is f(1)?
-7
Let h(k) = -k**3 - 3*k + 6. Let r be h(2). Let j(c) = c**2 + 9*c + 1. Calculate j(r).
-7
Let t(h) = -h + 8. Let v(g) = 3*g - 18. Let w(b) = -7*t(b) - 3*v(b). Calculate w(7).
-16
Suppose 5*m + 14 = -6. Let h(s) be the first derivative of -s**5/40 - 5*s**4/24 - s**3/3 + 8*s - 8. Let q(l) be the third derivative of h(l). What is q(m)?
7
Let k(r) = -2*r - 3. Let p(s) = -5*s - 22. Let d be p(-11). Suppose -5*v - 2 = d. What is k(v)?
11
Let m(n) be the second derivative of -n**3 - n**2 - 2*n + 58. Determine m(0).
-2
Let v = 3336 - 3342. Let y(c) = c**3 + 6*c**2 + 4*c + 14. What is y(v)?
-10
Let n be -1*(1 - 2/1). Let h be 33/(-27) + ((-33)/(-27) - n). Let d(w) = -w**2. Determine d(h).
-1
Suppose -4*m + 6 = -10. Suppose -m*l + 10 = -6. Suppose -3*g = l*z + 21, -3*z + 5*z = 3*g + 3. Let w(i) = i**2 + 3*i - 3. Calculate w(g).
-3
Let g(y) = -y**2. Suppose 50*j + 12 = 56*j. Calculate g(j).
-4
Let a(c) = 25*c**2 - 7*c + 7. Let b(s) = -2*s - 35. Let z be b(-15). Let q(l) = -17*l**2 + 5*l - 5. Let h(o) = z*a(o) - 7*q(o). Determine h(1).
-6
Let o = -7 - -6. Let k = -10 + 15. Let z(p) = -3*p**2 - 4*p - 7. Let n(h) = -5*h**2 - 6*h - 11. Let i(u) = k*n(u) - 8*z(u). What is i(o)?
-2
Let k = 388 - 385. Let d(t) be the first derivative of 3*t - t**k + 3/2*t**2 + 6. Give d(3).
-15
Suppose n = 262 - 263. Let s(r) = 2*r + 1. Calculate s(n).
-1
Let f(p) = -4*p. Suppose r + 9 = -8*r. Let a(w) = -w + 1. Let c be a(1). Let n be (c + r)*9/9. What is f(n)?
4
Let p(b) = -b**3 - 7*b**2 + 7*b + 8. Let l = 72 - 64. Suppose -7*f + l*f = -2*w - 12, 3*f = 2*w + 28. Calculate p(w).
16
Let n(x) = -12*x + 58. Let f(p) = -7*p + 31. Let h(m) = 11*f(m) - 6*n(m). Calculate h(-6).
23
Let k = -5 - -2. Let m be k/(-6) - 18/(-12). Let o(q) = -3*q**m + 1 - 5*q - 7*q**3 + 4*q**2 - q**3 + 3*q. Determine o(1).
-8
Let b(o) be the third derivative of -o**4/2 - o**3/3 + 4*o**2 + 2*o. Give b(1).
-14
Let b = -38 + 43. Let o be 2/(10/b)*(-2)/1. Let v(h) be the second derivative of h**5/20 + h**4/4 + 3*h. What is v(o)?
4
Let u(z) = 23767 - z**2 - 23767 - z**3 + 3*z. Let r(v) = -v**2 + 18*v - 20. Let b be r(17). What is u(b)?
9
Let w(h) = -h + 5. Suppose 25*g - 30*g = 30. What is w(g)?
11
Let u(z) = -z. Let a(n) = n**2 + 2*n - 5. Let v(k) = a(k) + 6*u(k). What is v(-2)?
7
Let q(t) = t**3 - t**2 - 3. Let w(b) = -10*b**2 - 38*b + 8. Let s be w(-4). Give q(s).
-3
Suppose -3*t + 1 = -20. Let w be (t - 5)*(-15)/(-6). Let b(z) = -2*z + 2*z - 2*z + 7*z - z**2 + 6. Calculate b(w).
6
Let r(i) = i**3 - 13*i**2 + 3*i + 5. Let u(v) = 5*v**3 - 66*v**2 + 16*v + 35. Let j(z) = -11*r(z) + 2*u(z). Give j(11).
4
Let v(t) = 2*t**2 + 5 + 13*t**3 - t**2 - 14*t**3 + 9*t - 8*t**2. Let l(r) = -2*r**2 - 5*r + 4. Let a be l(-4). What is v(a)?
-3
Let o(i) be the third derivative of i**6/120 + i**5/60 - i**4/6 + i**3/2 - 83*i**2. What is o(2)?
7
Let p(j) be the third derivative of 5*j**4/24 - 2*j**3/3 + 99*j**2. Give p(-2).
-14
Let k(d) = 2*d**3 + 13*d**2 - 17*d - 16. Let f(g) = g**3 + 6*g**2 - 8*g - 7. Let h(i) = 7*f(i) - 3*k(i). Give h(-4).
3
Let m(i) = 5*i - 2. Let h(v) = -26*v + 2 + 13*v + 7*v. Let j(b) = 3*h(b) + 4*m(b). Calculate j(5).
8
Let q(a) = -a**3 + 7. Let x(u) = u**2 - 10*u + 16. Let d be x(8). Suppose 4*c + 8 = r, d = 5*r + 2*c + 4. Give q(r).
7
Let c(d) = d**3 + 3*d**2 - 2*d + 1. Suppose 0*r = 9*r + 27. Determine c(r).
7
Let f(l) = l**2 - 10*l + 10. Let c be f(10). Suppose -a - a = k - c, -5*k + 17 = -a. Let z(h) = 5*h**2 - 4*h - 4 + 2*h**3 + 3 - 3*h**3. What is z(a)?
5
Let o(n) = -n**2 + 5*n. Let z be 6/(-8) - 15/(-4). Suppose z*x + 15 = 0, 3*y - 4*x + 24 - 65 = 0. Give o(y).
-14
Let z(f) be the second derivative of -f**3/3 - f**2 - 155*f. Determine z(-3).
4
Let c(o) = 3*o + 0 + 9 - 8 - 4*o. Let z(v) = 7*v - 8. Let x(w) = 6*c(w) + z(w). What is x(8)?
6
Let i(v) = -3*v**2 + 5*v + 3. Suppose 12*w = 21*w + 9. Give i(w).
-5
Let u(d) = d**3 + 6*d**2 + 2*d - 3. Suppose 0 = z - 14 + 11. Suppose q - 2*q = 5*p + 26, -3*q + 30 = -z*p. Give u(p).
-15
Suppose -59 - 96 = 31*x. Let v(u) = -2*u + 8. Give v(x).
18
Let s(f) = -4*f - 5. Let b = -3 - -6. Let p = 3 - 8. Let j(c) = -7*c - 10. Let n(m) = b*j(m) + p*s(m). Determine n(-5).
0
Let d(i) = -4*i + 1. Let s = 7 - 1. Let g be (-2)/s + 1 + 3/9. What is d(g)?
-3
Let j be 27/(-12)*32/12. Let u = 0 - -2. Let n(w) = -u*w - w - 3*w + 5*w - 8. Determine n(j).
-2
Let y(d) be the third derivative of 0 + 0*d - 2/3*d**3 - 14*d**2 + 1/6*d**4. Let u = 5 + -1. What is y(u)?
12
Let w be (10/6)/(12/36). Let d(y) = 4*y - 11. Let b(u) = 2*u - 6. Suppose -7*h + 3*h = 5*r + 45, -4*r = -4*h. Let l(z) = h*b(z) + 3*d(z). Give l(w).
7
Let w(k) = -k + 2. Let t(v) = -7*v + 122. Let i be t(18). Calculate w(i).
6
Let q = 8/145 - 163/3480. Let o(m) be the third derivative of -1/3*m**3 - 7/60*m**5 + 5/24*m**4 - 2*m**2 + q*m**6 + 0*m + 0. What is o(6)?
-8
Let x be -2*3/(-6) - -20. Let a be 6/x + 9/(-7). Let k(r) = 10*r**2 - 4*r - 3. Let f(z) = 5*z**2 - z - 1. Let p(m) = 3*f(m) - k(m). Determine p(a).
4
Let c(g) = 33*g**2 - 7. Let t(q) = -37*q**2 + 5*q + 6. Let o(m) = 56*m**2 - 8*m - 9. Let r(v) = -5*o(v) - 8*t(v). Let l(x) = 2*c(x) - 5*r(x). Calculate l(1).
-13
Suppose 2*d - 14 = -5*g, -3*g + 12 = -2*d + 5*d. Suppose 3*k = 3*t - 24, -6*t + g*t = -2*k - 14. Let a(y) = y**3 + 8*y**2 - 9*y - 7. Determine a(k).
-7
Let s(m) = m - 5. Suppose -4*c = -3*z + 6, 23*z - 5*c - 10 = 18*z. Let y = 10 - 6. Suppose 12 = -u + 3*a, 0*u = -y*u - z*a + 8. What is s(u)?
-5
Let g(k) = k - 1. Let b(a) = -a**3 - 10*a**2 - 17*a + 6. Let u be b(-8). Suppose -12*l = -u*l. Calculate g(l).
-1
Let n(w) = -18*w**2 + 6*w**2 + 23 + 21*w**2 + 21*w. Let p(a) = 4*a**2 + 10*a + 11. Let v(i) = -3*n(i) + 7*p(i). What is v(-6)?
2
Let f(l) = -l**2 - 2*l + 6. Let b(x) = 4*x**2 + 7*x - 27. Let k(s) = -3*b(s) - 13*f(s). Give k(-6).
9
Let f = 49 + -89. Let p = 32 + f. Let y(w) = 2*w + 11. Calculate y(p).
-5
Let a(d) = d**2 + 5*d + 4. Let v(g) = -3*g**2 - 23*g - 5. Let y be v(-8). Let n(z) = 2*z + 20. Let f be n(y). Determine a(f).
10
Let w = -111 - -114. Suppose -34 = -4*v - 2*s, w*v + 4*s - 50 = -2*v. Let i(j) = -j**2 + 4*j + 6. Give i(v).
-6
Let v(s) = 12*s + 18. Let b(j) = 5*j + 12. Let c(i) = -5*b(i) + 2*v(i). What is c(-13)?
-11
Let y(a) = a**3 + 13*a**2 + 13*a + 16. Let s be y(-12). Let p be 0 - (18/(-3) + s). Let h be p/(-6 - -4) + 0. Let n(u) = 3*u**3 - u**2 - u - 1. Determine n(h).
-4
Let y(d) = d**2. Let o(s) be the third derivative of -1/3*s**3 + 0 - 1/4*s**4 + 5*s**2 + 0*s. Let n(q) = -o(q) + 2*y(q). Determine n(-4).
10
Suppose 5*z = -2*u + 13, u = 4*z - 3*u - 16. Let a(c) = -8*c**3 - 3*c**2 - c + c**3 + 4 + z*c**3 + 3*c**3. Give a(-3).
7
Let g be 660/90 - (-2)/(-6). Let z(o) be the first derivative of o**4/4 - 7*o**3/3 - o**2 + 8*o - 8. What is z(g)?
-6
Let g(j) be the first derivative of j**7/840 - j**6/90 - j**5/60 + 5*j**4/24 + 7*j**3 + 6. Let n(l) be the third derivative of g(l). Give n(4).
-3
Let z be (-172)/12 - 2/3. Let i = z - -21. Let p(n) = -i*n - n + n - 1. Give p(1).
-7
Let r(b) = -7*b - 1. Let m(i) = 7*i - 16. Let g be m(6). Let l = g - 29. Determine r(l).
20
Let j(k) = k**2 + 7*k. Suppose -5*h - 32 = -3*h + 4*m, 3*h + 2*m + 28 = 0. Give j(h).
-6
Suppose -101*l = -108*l - 14. Let p(f) = f**3 + 2*f - 4*f**2 - 1 + f**2 + 5*f**2. What is p(l)?
-5
Let x(l) = -l + 12*l - 3*l + 2 + l**2. Let y be (-29)/4 + -4 + 85/20. What is x(y)?
-5
Let r(d) = d + 10. Let z be r(-5). Let w(m) = -m**2 + 3*m + 4. Determine w(z).
-6
Let r(m) = -15*m**2 + 7*m + 4. Let y(n) = 13*n**2 - 6*n - 3. Let h(o) = -2*r(o) - 3*y(o). Calculate h(-1).
-12
Let z(c) be the second derivative of c**5/20 - 13*c**4/12 + 2*c**3 - 2*c**2 - 2*c - 17. Determine z(12).
-4
Let j(h) = 5*h**3 + 2*h**2 - h + 4. Let v(o) = -o**3 + o - 1. Let p(q) = j(q) + 6*v(q). Let z be (7/(-21))/(1/(-6)). Suppose 8 - 2 = z*d. Give p(d).
4
Let f(s) = -2*s**2 + 6*s + 4 + 2*s**2 + s**2. Suppose -2*l + 20 